?
False
Suppose -17 = -4*w + 11. Let z(k) = k**3 - 7*k**2 + k - 1. Let i be z(w). Is (i/(-3) - 1) + 62 a composite number?
False
Let p be 1*3260/(-2 + 7). Is 14/((-2)/p*-4) a composite number?
True
Suppose -2*q = r - 30804, -2*q + 0*q = -5*r - 30792. Is q prime?
True
Is 220771/11 + -3 + 33/(-363) a prime number?
False
Let q(t) = -194*t**2 - t + 3. Let r = -16 + 21. Let y be q(r). Is y/(-10) + (-2)/10 prime?
False
Suppose -3*s + 2*s = 4. Is 1326 - (s/2 - -1) composite?
False
Suppose -5*b + 36 = 2*g, 2*g = g - 3*b + 20. Is (-1)/(1 - -3)*(g - 1780) composite?
False
Suppose -29580 = -3*b + 8*i - 5*i, 5*b - i - 49320 = 0. Is b a composite number?
True
Let i(x) = -x**3 - 7*x**2 - x - 2. Let n be i(-7). Suppose -z - y + 13 = 0, -z = -n*y + 1 - 2. Is z prime?
True
Let t(x) = -14*x + x**2 - 4 + 14*x. Let z be t(3). Suppose -3*r = -d - 59 - 148, z*r - 345 = -4*d. Is r a prime number?
False
Let b = -4304 - -8431. Is b a prime number?
True
Let f(n) = -22*n - 7. Let p be f(-2). Let h = 99 - p. Is h composite?
True
Suppose -2*w = -0*w, 4*o = -2*w + 5272. Suppose o = 4*p - 2398. Is p composite?
False
Let r(f) = 8*f**3 - 2*f**2 + 5*f - 1. Let u be r(2). Suppose 5*m + u = 4*w - 55, 2*w + 3*m - 82 = 0. Suppose 4*c - w = 21. Is c prime?
False
Let q = -7 - 17. Let n be ((-2)/(-4))/((-2)/q). Suppose 2*d = -5*b + 2711, n*d = 2*b + 3*d - 1073. Is b a prime number?
True
Let l = 7026 - 11205. Is 2/((-6)/l*1) prime?
False
Let w = -9974 + -13006. Is (-10)/(-35) - w/28 a composite number?
False
Let b(y) = 2313*y + 13. Is b(10) prime?
True
Suppose 22*x + 3*x - 60825 = 0. Is x prime?
False
Let z(c) = -10*c - 16*c + 7*c - c**2 + 17 + 2*c**2. Is z(-10) prime?
True
Is 18987/39 + (-22)/(-143) a composite number?
False
Let h be 14*34*2/(-4). Let w = h + 681. Is w a composite number?
False
Suppose 0 = 2*h + 3*h - j - 45, -5*h = -5*j - 45. Let d(y) = 9*y**2 + 3*y + 1. Let t(q) = 19*q**2 + 6*q + 1. Let p(n) = 7*d(n) - 3*t(n). Is p(h) composite?
True
Let z = -12 - -15. Suppose -3*y + 2*l = 3, 3*y - y + z*l + 2 = 0. Is y*(-112 - (-1 - -2)) a composite number?
False
Let i be 9 + -10 + -1*207. Let v = i - -523. Let g = v + 58. Is g composite?
False
Let h(f) be the first derivative of 117*f**2 - 16*f - 9. Let l be h(6). Suppose 3*r = 2*d - l, -4*d + r + 2487 + 289 = 0. Is d a prime number?
False
Let v(w) = w - 2. Let n be v(-4). Let l be n/(-3*2/4). Suppose 123 = t + l*b - 16, 5*b + 570 = 5*t. Is t composite?
True
Let i(v) = 1775*v**2 + 3*v - 2. Let x be i(1). Let z = 639 - x. Is z/(-9) - 4/(-6) composite?
False
Suppose 3*u - 8 = -2*c, 3*c = -2*u + 4*u - 1. Suppose 0 = -v + 3*f - 4, -u*v - f + 13 = 0. Suppose 5*y + 4*l = 725, -l + 3*l = v*y - 725. Is y prime?
False
Is (-15)/5*4/6 + 62803 a composite number?
False
Suppose y + x + 7 = 27, -y + x + 16 = 0. Suppose 0 = 5*b - 2 - y. Suppose -b*o = 3*a - 645, -o + 1 + 2 = 0. Is a prime?
True
Let r = -1131 - -4586. Is r composite?
True
Suppose 10*v - 86409 = v. Is v a composite number?
False
Is (-83492)/3*(-9)/12 a composite number?
False
Is ((-3)/(-2))/(141/555070) prime?
False
Suppose -l - 17 = 5*a - 102, a - 4*l - 38 = 0. Let x be 4/a - 4179/(-27). Suppose -2*j = 3*j - x. Is j composite?
False
Let g(n) = -201*n**2 - 1. Let h be g(-1). Let x = h + 114. Let c = 395 + x. Is c a prime number?
True
Suppose -2*t + 132 = -2*y - 708, 15 = -3*y. Let a = t - 269. Is a a composite number?
True
Let c(f) = -5*f + 7. Let z(t) = 2*t - 3. Let h(k) = -6*c(k) - 11*z(k). Is h(14) a prime number?
True
Let h = 9 - 9. Let x(p) = -2*p + 91. Is x(h) composite?
True
Suppose 3*h = -5*h - 80. Let o(q) = 2*q**2 + 11*q + 7. Is o(h) a composite number?
False
Let r = 1153 + -1682. Let i be (-3 - 0) + 2 - (155 - -2). Let j = i - r. Is j composite?
True
Suppose 2*g - 2*b - 4078 = 0, -90*g - 10209 = -95*g - 2*b. Is g composite?
True
Let q = 1874 - 3168. Is 1/((-1296)/q + -1) prime?
True
Let y(k) = -k - 3. Let x be y(-4). Let o be (-16 - x) + 1 - -3. Let n(z) = z + 17. Is n(o) a prime number?
False
Is 153839/28 + 6 + (-9)/(-12) a prime number?
True
Let b be ((-18)/(-10))/((-18)/90). Let s(h) = -357*h - 8. Is s(b) composite?
True
Suppose -2*s - 2*m + 1276 = 0, 4*m = 3*s + 9*m - 1920. Is s composite?
True
Suppose -4*a + a - 9 = 0, 4*l = -5*a - 27. Is 248 + (l - -4) + 2 prime?
True
Let g be (-10)/85 - 265/(-85). Suppose g*r + 0*r - 4*a = 1413, 3*a = 2*r - 943. Is r a prime number?
True
Let z be (-2 - 2/(-1))*(2 + -1). Suppose z*h + 2*h = 662. Is h a composite number?
False
Let g be (-41 - 19)*4/2. Is ((-48)/g)/(4/8090) a prime number?
True
Let u(f) = -442*f + 13. Suppose -3*a + 4*o = -o - 3, -5*a + 4*o - 8 = 0. Is u(a) prime?
False
Let g(a) = -2*a - 12. Let i be g(-8). Suppose -i*b + 0*b = -20. Let m(r) = 27*r - 12. Is m(b) prime?
False
Let q(n) = -17*n + 87. Let r be q(5). Let a = 16 + -11. Suppose -999 = -m - 2*x, -3*x + a*x = r*m - 2028. Is m prime?
True
Is (-13366)/(-3) - 378/162 a composite number?
True
Suppose 8 = 3*y - y, 4*y - 1 = -5*j. Let s be (-210)/(-8)*(7 + j). Let i = -14 + s. Is i composite?
True
Let j = 25085 + -12588. Is j prime?
True
Let c(s) = 26*s**2 - 5*s + 10. Let j be c(3). Suppose -3055 = -4*t + j. Is t composite?
False
Suppose 105 = 3*a + 3*h, h + 4*h = 2*a - 91. Suppose -36*p - 31322 = -a*p. Is p prime?
True
Is 5 + 559234/65 + 4/10 a prime number?
True
Let v = -481 - -1029. Let j = v - 357. Is j prime?
True
Suppose -5*p + 160 = 4*w, 3*w + 2*p = 7*w - 132. Let z = w + 96. Is z a prime number?
True
Suppose -b = t + 9, 0 = 3*t + b - 6 + 23. Is 34494/30 - t/(-5) a prime number?
False
Suppose -6805 = 42*p - 47*p. Is p prime?
True
Let d be 3 + (2 - (0 - -1)). Let f be (-10)/d*8/(-10). Suppose -f*u - 151 = -g, 0 = -u + 2*u + 1. Is g a prime number?
True
Let h(i) = 26*i**2 + i + 1. Let g be h(-1). Let m = g - 22. Suppose m*o - o - 231 = 0. Is o a prime number?
False
Suppose 3*j - 7*j = 4*x - 24, -4*j + 2*x + 42 = 0. Suppose 2*p + p = j. Is (1018*p/(-6))/(-1) prime?
True
Suppose 10*p - 6*p - 21288 = 4*m, -m - 26590 = -5*p. Is p a prime number?
False
Let n(y) = -6 + 4 + 3 - 2 - 110*y. Let c be ((-6)/(-10)*2)/((-18)/60). Is n(c) a composite number?
False
Suppose -2*o + 0*v - 5*v - 252 = 0, 3*o - 3*v + 399 = 0. Let q = 6 + -9. Is o/q - (-4)/(-6) a prime number?
True
Suppose 0 = 4*d - 3 - 49. Suppose -504 = 10*i - d*i. Let w = 43 + i. Is w a composite number?
False
Let r = 3046 - 2133. Is r a prime number?
False
Let p = 3593 - -651. Suppose l + l + 3183 = 3*s, p = 4*s - 4*l. Is s a composite number?
False
Suppose 0 = -4*t - 5 + 13. Suppose t*m - 6 = -0. Suppose -70 - 269 = -m*p. Is p a composite number?
False
Suppose 0 = 3*r - 3*k - 2*k - 218207, 2*r - 145484 = -3*k. Is r a composite number?
False
Suppose 3*k - 16 = 2*r - 7*r, 2*k - 9 = -3*r. Suppose 5*t + 265 = -0*t + 5*w, r*t = w - 277. Let c = t + 159. Is c composite?
False
Suppose -6 = 2*s, 50*p - 53*p = -4*s - 48561. Is p a prime number?
True
Suppose -5*d + 2*r + 33654 = 3*r, 0 = -4*r - 4. Is d composite?
True
Let m be (-110)/44*(-1 + (-1 - 0)). Let s = -49 - -128. Suppose m*g = s + 16. Is g a prime number?
True
Suppose -4*g + 25656 = -g - f, -f + 8556 = g. Is g prime?
False
Suppose 0 = -11*u + 7*u + a + 55855, -u + 13969 = -2*a. Is u composite?
False
Let t(q) = 1. Let o(z) = 96*z - 12. Let v(m) = o(m) + 15*t(m). Is v(3) prime?
False
Let j(w) = -9*w - 23. Let i be j(-3). Suppose 0 = 2*p - 4*b - 356, 2*p - p - 178 = i*b. Is p a composite number?
True
Suppose 153*a + 9942 = 159*a. Is a composite?
False
Let u be 1*5/(15/(-2799)). Let m = 562 - u. Let g = m + -908. Is g prime?
True
Let f(z) = -5*z - 2. Suppose -8 = 3*h + 172. Let m be 6/8 - h/(-16). Is f(m) composite?
False
Let t(h) = -6*h - 1 + 0 - 11*h - 8. Suppose 0*l + 32 = -2*n + 4*l, -2*l + 28 = -3*n. Is t(n) composite?
True
Let o be (-12)/(-3) - (-5)/(-5). Let u = o - 0. Suppose 2*d - u = -k - 2*d, 0 = -5*k + 4*d + 135. Is k a composite number?
False
Let b = 3178 + 813. Is b composite?
True
Let a(z) = 87*z - 287. Is a(15) prime?
False
Suppose 5*m - 9*m + 120 = 0. Suppose 33*t - m*t = 2913. Is t a composite number?
False
Suppose 3*r - 3179 - 1591 = q, 5*r - 4*q - 7950 = 0. Suppose -4*g = -2*d - 0*d + r, 5*g + 25 = 0. Is d a prime number?
False
Let h(a) = 2248*a - 13. Let s be h(-9). Is (-1)/((-101220)/s + -5) a composite number?
False
Let v(m) = 12*m**